.
2, 3, 317
What are the prime factors of 2927?
2927
What are the prime factors of 1160?
2, 5, 29
What are the prime factors of 1302?
2, 3, 7, 31
List the prime factors of 8012.
2, 2003
List the prime factors of 6661.
6661
List the prime factors of 134.
2, 67
List the prime factors of 346.
2, 173
List the prime factors of 746.
2, 373
List the prime factors of 16124.
2, 29, 139
List the prime factors of 777.
3, 7, 37
List the prime factors of 3927.
3, 7, 11, 17
What are the prime factors of 352?
2, 11
What are the prime factors of 78784?
2, 1231
List the prime factors of 4439.
23, 193
What are the prime factors of 949?
13, 73
List the prime factors of 1252.
2, 313
What are the prime factors of 3805?
5, 761
List the prime factors of 35.
5, 7
What are the prime factors of 5053?
31, 163
List the prime factors of 5859.
3, 7, 31
List the prime factors of 5680.
2, 5, 71
What are the prime factors of 5490?
2, 3, 5, 61
List the prime factors of 221.
13, 17
What are the prime factors of 8936?
2, 1117
What are the prime factors of 4755?
3, 5, 317
What are the prime factors of 105?
3, 5, 7
What are the prime factors of 89292?
2, 3, 7, 1063
What are the prime factors of 1829?
31, 59
List the prime factors of 846.
2, 3, 47
What are the prime factors of 4452?
2, 3, 7, 53
List the prime factors of 51214.
2, 29, 883
List the prime factors of 1361.
1361
List the prime factors of 785.
5, 157
List the prime factors of 15430.
2, 5, 1543
List the prime factors of 19491.
3, 73, 89
What are the prime factors of 3033?
3, 337
What are the prime factors of 409?
409
What are the prime factors of 2247?
3, 7, 107
What are the prime factors of 21354?
2, 3, 3559
What are the prime factors of 30905?
5, 7, 883
What are the prime factors of 24062?
2, 53, 227
List the prime factors of 42294.
2, 3, 7, 19, 53
List the prime factors of 1260.
2, 3, 5, 7
What are the prime factors of 68?
2, 17
List the prime factors of 830.
2, 5, 83
List the prime factors of 184562.
2, 7, 13183
What are the prime factors of 3860?
2, 5, 193
List the prime factors of 5430.
2, 3, 5, 181
List the prime factors of 1170.
2, 3, 5, 13
List the prime factors of 731.
17, 43
List the prime factors of 22.
2, 11
What are the prime factors of 30080?
2, 5, 47
List the prime factors of 1090.
2, 5, 109
List the prime factors of 2385.
3, 5, 53
What are the prime factors of 4389?
3, 7, 11, 19
List the prime factors of 1157.
13, 89
List the prime factors of 7817.
7817
What are the prime factors of 23297?
23297
What are the prime factors of 432?
2, 3
List the prime factors of 46315.
5, 59, 157
What are the prime factors of 10695?
3, 5, 23, 31
List the prime factors of 5228.
2, 1307
List the prime factors of 5177.
31, 167
What are the prime factors of 1943?
29, 67
What are the prime factors of 8124?
2, 3, 677
List the prime factors of 13196.
2, 3299
What are the prime factors of 9877?
7, 17, 83
What are the prime factors of 119710?
2, 5, 11971
List the prime factors of 55746.
2, 3, 19, 163
What are the prime factors of 25528?
2, 3191
What are the prime factors of 1506?
2, 3, 251
What are the prime factors of 8954?
2, 11, 37
List the prime factors of 6045.
3, 5, 13, 31
What are the prime factors of 1133?
11, 103
What are the prime factors of 6767?
67, 101
What are the prime factors of 32777?
73, 449
List the prime factors of 1059.
3, 353
List the prime factors of 37887.
3, 73, 173
List the prime factors of 147.
3, 7
What are the prime factors of 87154?
2, 43577
List the prime factors of 2847.
3, 13, 73
What are the prime factors of 14015?
5, 2803
List the prime factors of 3558.
2, 3, 593
What are the prime factors of 6264?
2, 3, 29
What are the prime factors of 27671?
7, 59, 67
List the prime factors of 8360.
2, 5, 11, 19
List the prime factors of 817.
19, 43
What are the prime factors of 10945?
5, 11, 199
List the prime factors of 84009.
3, 41, 683
List the prime factors of 99956.
2, 24989
What are the prime factors of 44606?
2, 22303
List the prime factors of 2882.
2, 11, 131
What are the prime factors of 3528?
2, 3, 7
List the prime factors of 18993.
3, 13, 487
What are the prime factors of 60808?
2, 11, 691
What are the prime factors of 45317?
45317
What are the prime factors of 5472?
2, 3, 19
List the prime factors of 4628.
2, 13, 89
List the prime factors of 461.
461
What are the prime factors of 476?
2, 7, 17
What are the prime factors of 16922?
2, 8461
What are the prime factors of 2455?
5, 491
What are the prime factors of 22054?
2, 11027
List the prime factors of 983.
983
List the prime factors of 40978.
2, 7, 2927
What are the prime factors of 1306?
2, 653
List the prime factors of 4129.
4129
What are the prime factors of 8986?
2, 4493
What are the prime factors of 2359?
7, 337
What are the prime factors of 728?
2, 7, 13
What are the prime factors of 2834?
2, 13, 109
What are the prime factors of 997?
997
What are the prime factors of 41099?
73, 563
What are the prime factors of 5628?
2, 3, 7, 67
What are the prime factors of 72035?
5, 14407
List the prime factors of 12798.
2, 3, 79
What are the prime factors of 756?
2, 3, 7
List the prime factors of 9389.
41, 229
What are the prime factors of 2182?
2, 1091
List the prime factors of 76880.
2, 5, 31
What are the prime factors of 2014?
2, 19, 53
List the prime factors of 1630.
2, 5, 163
What are the prime factors of 1703?
13, 131
What are the prime factors of 18786?
2, 3, 31, 101
What are the prime factors of 1982?
2, 991
List the prime factors of 818.
2, 409
List the prime factors of 7011.
3, 19, 41
List the prime factors of 8561.
7, 1223
What are the prime factors of 3643?
3643
List the prime factors of 9962.
2, 17, 293
What are the prime factors of 2222?
2, 11, 101
What are the prime factors of 206?
2, 103
What are the prime factors of 1089?
3, 11
What are the prime factors of 149715?
3, 5, 1109
List the prime factors of 262.
2, 131
List the prime factors of 1081.
23, 47
What are the prime factors of 33137?
13, 2549
What are the prime factors of 116419?
47, 2477
What are the prime factors of 7122?
2, 3, 1187
What are the prime factors of 1227?
3, 409
List the prime factors of 2945.
5, 19, 31
List the prime factors of 5101.
5101
What are the prime factors of 673?
673
List the prime factors of 1125.
3, 5
What are the prime factors of 23074?
2, 83, 139
What are the prime factors of 4406?
2, 2203
What are the prime factors of 79?
79
What are the prime factors of 32539?
13, 2503
What are the prime factors of 388?
2, 97
What are the prime factors of 13707?
3, 1523
List the prime factors of 241.
241
What are the prime factors of 198?
2, 3, 11
What are the prime factors of 35641?
29, 1229
What are the prime factors of 10?
2, 5
List the prime factors of 135240.
2, 3, 5, 7, 23
List the prime factors of 21866.
2, 13, 29
What are the prime factors of 3156?
2, 3, 263
List the prime factors of 65567.
173, 379
List the prime factors of 88512.
2, 3, 461
List the prime factors of 86817.
3, 43, 673
What are the prime factors of 45628?
2, 11, 17, 61
List the prime factors of 57282.
2, 3, 9547
List the prime factors of 154386.
2, 3, 953
List the prime factors of 93820.
2, 5, 4691
List the prime factors of 60422.
2, 30211
What are the prime factors of 172?
2, 43
What are the prime factors of 4939?
11, 449
What are the prime factors of 121?
11
List the prime factors of 7314.
2, 3, 23, 53
What are the prime factors of 3334?
2, 1667
What are the prime factors of 49083?
3, 16361
What are the prime factors of 2638?
2, 1319
What are the prime factors of 3468?
2, 3, 17
What are the prime factors of 3128?
2, 17, 23
List the prime factors of 30406.
2, 23, 661
What are the prime factors of 65085?
3, 5, 4339
List the prime factors of 438.
2, 3, 73
List the prime factors of 12965.
5, 2593
What are the prime factors of 49178?
2, 67, 367
What are the prime factors of 24863?
23, 47
List the prime factors of 894.
2, 3, 149
List the prime factors of 136022.
2, 23, 2957
List the prime factors of 5132.
2, 1283
List the prime factors of 3659.
3659
What are the prime factors of 117?
3, 13
What are the prime factors of 52?
2, 13
What are the prime factors of 2422?
2, 7, 173
List the prime factors of 27195.
3, 5, 7, 37
What are the prime factors of 1240?
2, 5, 31
List the prime factors of 3474.
2, 3